{"id":1292,"date":"2023-07-03T13:38:16","date_gmt":"2023-07-03T13:38:16","guid":{"rendered":"https:\/\/flymetotheloom.com\/?page_id=1292"},"modified":"2024-03-12T12:35:47","modified_gmt":"2024-03-12T12:35:47","slug":"impresszum","status":"publish","type":"page","link":"https:\/\/flymetotheloom.com\/eng\/imprint\/","title":{"rendered":"Imprint"},"content":{"rendered":"<div data-elementor-type=\"wp-page\" data-elementor-id=\"1292\" class=\"elementor elementor-1292\" data-elementor-post-type=\"page\">\n\t\t\t\t\t\t<section class=\"elementor-section elementor-top-section elementor-element elementor-element-22a3c954 elementor-section-boxed elementor-section-height-default elementor-section-height-default\" data-id=\"22a3c954\" data-element_type=\"section\">\n\t\t\t\t\t\t<div class=\"elementor-container elementor-column-gap-default\">\n\t\t\t\t\t<div class=\"elementor-column elementor-col-100 elementor-top-column elementor-element elementor-element-6de3a9d8\" data-id=\"6de3a9d8\" data-element_type=\"column\">\n\t\t\t<div class=\"elementor-widget-wrap elementor-element-populated\">\n\t\t\t\t\t\t<div class=\"elementor-element elementor-element-52a27f1 elementor-widget elementor-widget-heading\" data-id=\"52a27f1\" data-element_type=\"widget\" data-widget_type=\"heading.default\">\n\t\t\t\t<div class=\"elementor-widget-container\">\n\t\t\t<style>\/*! elementor - v3.19.0 - 28-02-2024 *\/\n.elementor-heading-title{padding:0;margin:0;line-height:1}.elementor-widget-heading .elementor-heading-title[class*=elementor-size-]>a{color:inherit;font-size:inherit;line-height:inherit}.elementor-widget-heading .elementor-heading-title.elementor-size-small{font-size:15px}.elementor-widget-heading .elementor-heading-title.elementor-size-medium{font-size:19px}.elementor-widget-heading .elementor-heading-title.elementor-size-large{font-size:29px}.elementor-widget-heading .elementor-heading-title.elementor-size-xl{font-size:39px}.elementor-widget-heading .elementor-heading-title.elementor-size-xxl{font-size:59px}<\/style><h1 class=\"elementor-heading-title elementor-size-default\">Imprint<\/h1>\t\t<\/div>\n\t\t\t\t<\/div>\n\t\t\t\t<div class=\"elementor-element elementor-element-1db846bf elementor-widget elementor-widget-text-editor\" data-id=\"1db846bf\" data-element_type=\"widget\" data-widget_type=\"text-editor.default\">\n\t\t\t\t<div class=\"elementor-widget-container\">\n\t\t\t<style>\/*! elementor - v3.19.0 - 28-02-2024 *\/\n.elementor-widget-text-editor.elementor-drop-cap-view-stacked .elementor-drop-cap{background-color:#69727d;color:#fff}.elementor-widget-text-editor.elementor-drop-cap-view-framed .elementor-drop-cap{color:#69727d;border:3px solid;background-color:transparent}.elementor-widget-text-editor:not(.elementor-drop-cap-view-default) .elementor-drop-cap{margin-top:8px}.elementor-widget-text-editor:not(.elementor-drop-cap-view-default) .elementor-drop-cap-letter{width:1em;height:1em}.elementor-widget-text-editor .elementor-drop-cap{float:left;text-align:center;line-height:1;font-size:50px}.elementor-widget-text-editor .elementor-drop-cap-letter{display:inline-block}<\/style>\t\t\t\t<!-- wp:list {\"ordered\":true} --><!-- \/wp:list --><!-- wp:paragraph -->\n<p><strong>A szolg\u00e1ltat\u00f3 neve:<br \/><\/strong>Grauer-Lipovniczky T\u00edmea E.V.<\/p>\n<!-- \/wp:paragraph --><!-- wp:paragraph --><!-- \/wp:paragraph --><!-- wp:paragraph -->\n<p><strong>A szolg\u00e1ltat\u00f3 el\u00e9rhet\u0151s\u00e9ge:<\/strong><\/p>\n<!-- \/wp:paragraph --><!-- wp:paragraph --><!-- \/wp:paragraph -->\t\t\t\t\t\t<\/div>\n\t\t\t\t<\/div>\n\t\t\t\t<div class=\"elementor-element elementor-element-5823e82 elementor-widget elementor-widget-shortcode\" data-id=\"5823e82\" data-element_type=\"widget\" data-widget_type=\"shortcode.default\">\n\t\t\t\t<div class=\"elementor-widget-container\">\n\t\t\t\t\t<div class=\"elementor-shortcode\"><a href=\"\/eng\/mailt&\/#111;:t&#105;&#109;i&#64;&#102;&#108;yme&#116;o&#116;h&#101;loom&#46;&#99;&#111;m\">&#116;i&#109;&#105;&#64;f&#108;y&#109;et&#111;&#116;&#104;&#101;&#108;oom.com<\/a><\/div>\n\t\t\t\t<\/div>\n\t\t\t\t<\/div>\n\t\t\t\t<div class=\"elementor-element elementor-element-eaaea2c elementor-widget elementor-widget-text-editor\" data-id=\"eaaea2c\" data-element_type=\"widget\" data-widget_type=\"text-editor.default\">\n\t\t\t\t<div class=\"elementor-widget-container\">\n\t\t\t\t\t\t\t<!-- wp:list {\"ordered\":true} --><!-- \/wp:list --><!-- wp:paragraph -->\n<p><b><br \/>Sz\u00e9khely<\/b><span style=\"font-weight: 400;\">: 1028 Budapest Szegf\u0171 utca 14.<\/span><\/p>\n<p><b>Nyilv\u00e1ntart\u00e1si sz\u00e1m<\/b><span style=\"font-weight: 400;\">:<\/span><span style=\"font-weight: 400;\"> <br \/>57781675<\/span><\/p>\n<p><span style=\"font-weight: 400;\"><strong>Telefon<\/strong>:<br \/>+36 20 778 9215<\/span><\/p>\n<p><b>Statisztikai sz\u00e1mjel<\/b><span style=\"font-weight: 400;\">:<br \/>59731951-1419-231-01<\/span><\/p>\n<p><b>Tev\u00e9kenys\u00e9gek<\/b><span style=\"font-weight: 400;\">: <br \/>141901- \u00d6lt\u00f6z\u00e9kkieg\u00e9sz\u00edt\u0151 gy\u00e1rt\u00e1sa m.n.s.<br \/><\/span><span style=\"font-weight: 400;\">141908-Egy\u00e9b n\u00e9pi iparm\u0171v\u00e9szeti \u00e9s iparm\u0171v\u00e9szeti ruh\u00e1zat k\u00e9sz\u00edt\u00e9se<\/span><\/p>\n<p><b><br \/>A szolg\u00e1ltat\u00f3t nyilv\u00e1ntart\u00e1sba vev\u0151 hat\u00f3s\u00e1g:<br \/><\/b><span style=\"font-weight: 400;\">Bejegyezte: Budapest F\u0151v\u00e1rosi 2. ker\u00fcleti \u00d6nkorm\u00e1nyzat Jegyz\u0151je<\/span><\/p>\n<p><b>Ad\u00f3sz\u00e1m:\u00a0<br \/><\/b><span style=\"font-weight: 400;\">ad\u00f3sz\u00e1m:<\/span><span style=\"font-weight: 400;\"> 59731951-1-41<br \/><\/span><span style=\"font-weight: 400;\">EU-s ad\u00f3sz\u00e1m<\/span><span style=\"font-weight: 400;\">: HU59731951<\/span><\/p>\n<p><b>Kamara:<br \/><\/b><span style=\"font-weight: 400;\">Budapesti Kereskedelmi \u00e9s Iparkamara<\/span><\/p>\n<h3>T\u00e1rhely szolg\u00e1ltat\u00f3 adatai<\/h3>\n<p><strong>\u00dczemeltet\u0151:<\/strong> Sybell Informatika Kft.<\/p>\n<p><strong>Bejegyezte:<\/strong>\u00a0F\u0151v\u00e1rosi T\u00f6rv\u00e9nysz\u00e9k C\u00e9gb\u00edr\u00f3s\u00e1ga<br \/><strong>C\u00e9gbejegyz\u00e9s kelte:<\/strong>\u00a02017\/03\/01 (Jogel\u0151d: SWNet Group Bt. Bejegyz\u00e9s \u00e9ve: 2007)<br \/><strong>Sz\u00e9khely:<\/strong>\u00a01158 Budapest, K\u00e9sm\u00e1rk u. 7\/B 2. em. 206.<br \/><strong>\u00dcgyf\u00e9lszolg\u00e1lati iroda:<\/strong>\u00a01158 Budapest, K\u00e9sm\u00e1rk u. 7\/B 2. em. 206.<br \/><strong>Szolg\u00e1ltat\u00f3 neve:<\/strong>\u00a0Sybell Informatika Kft.<br \/><strong>Szolg\u00e1ltat\u00f3 c\u00edme:<\/strong>\u00a01158 Budapest, K\u00e9sm\u00e1rk u. 7\/B 2. em. 206.<br \/><strong>Phone:<\/strong>\u00a0+36 1 707 67 27<br \/><strong>E-mail:<\/strong> <a href=\"\/eng\/m&\/#97;&#105;lto:&#105;&#110;fo&#64;&#115;y&#98;&#101;ll&#46;hu\">inf&#111;&#64;&#115;&#121;&#98;&#101;&#108;l&#46;h&#117;<\/a><br \/><strong>Web:<\/strong>\u00a0<a href=\"http:\/\/www.sybell.hu\/\">www.sybell.hu<\/a><\/p>\n<p><!-- \/wp:paragraph --><!-- wp:paragraph --><\/p>\n<p><strong>A szolg\u00e1ltat\u00f3t nyilv\u00e1ntart\u00e1sba vev\u0151 hat\u00f3s\u00e1g:<br \/><\/strong>Bejegyezte: Budapest F\u0151v\u00e1rosi 2. ker\u00fcleti \u00d6nkorm\u00e1nyzat Jegyz\u0151je<br \/><strong>Ad\u00f3sz\u00e1m:\u00a0<\/strong>ad\u00f3sz\u00e1m: 59731951-1-41<br \/>EU-s ad\u00f3sz\u00e1m: HU59731951<br \/><strong>Kamara:\u00a0<\/strong>Budapesti Kereskedelmi \u00e9s Iparkamara<\/p>\n<p><!-- \/wp:paragraph --><!-- wp:paragraph --><\/p>\n<p><!-- \/wp:paragraph --><!-- wp:paragraph --><\/p>\n<p><!-- \/wp:paragraph --><!-- wp:paragraph --><\/p>\n<p><!-- \/wp:paragraph --><!-- wp:paragraph --><\/p>\n<p><!-- \/wp:paragraph --><!-- wp:paragraph --><\/p>\n<p><!-- \/wp:paragraph --><!-- wp:paragraph --><\/p>\n<p><!-- \/wp:paragraph --><!-- wp:paragraph --><\/p>\n<p><!-- \/wp:paragraph --><!-- wp:paragraph --><\/p>\n<!-- \/wp:paragraph --><!-- wp:paragraph --><!-- \/wp:paragraph -->\t\t\t\t\t\t<\/div>\n\t\t\t\t<\/div>\n\t\t\t\t\t<\/div>\n\t\t<\/div>\n\t\t\t\t\t<\/div>\n\t\t<\/section>\n\t\t\t\t<\/div>","protected":false},"excerpt":{"rendered":"<p>Impresszum A szolg\u00e1ltat\u00f3 neve:Grauer-Lipovniczky T\u00edmea E.V. A szolg\u00e1ltat\u00f3 el\u00e9rhet\u0151s\u00e9ge: Sz\u00e9khely: 1028 Budapest Szegf\u0171 utca 14. Nyilv\u00e1ntart\u00e1si sz\u00e1m: 57781675 Telefon:+36 20 778 9215 Statisztikai sz\u00e1mjel:59731951-1419-231-01 Tev\u00e9kenys\u00e9gek: 141901- \u00d6lt\u00f6z\u00e9kkieg\u00e9sz\u00edt\u0151 gy\u00e1rt\u00e1sa m.n.s.141908-Egy\u00e9b n\u00e9pi iparm\u0171v\u00e9szeti \u00e9s iparm\u0171v\u00e9szeti ruh\u00e1zat k\u00e9sz\u00edt\u00e9se A szolg\u00e1ltat\u00f3t nyilv\u00e1ntart\u00e1sba vev\u0151 hat\u00f3s\u00e1g:Bejegyezte: Budapest F\u0151v\u00e1rosi 2. ker\u00fcleti \u00d6nkorm\u00e1nyzat Jegyz\u0151je Ad\u00f3sz\u00e1m:\u00a0ad\u00f3sz\u00e1m: 59731951-1-41EU-s ad\u00f3sz\u00e1m: HU59731951 Kamara:Budapesti Kereskedelmi \u00e9s Iparkamara T\u00e1rhely [&hellip;]<\/p>","protected":false},"author":1,"featured_media":0,"parent":0,"menu_order":0,"comment_status":"closed","ping_status":"closed","template":"template-fullwidth.php","meta":{"footnotes":""},"class_list":["post-1292","page","type-page","status-publish","hentry"],"yoast_head":"<!-- This site is optimized with the Yoast SEO Premium plugin v22.1 (Yoast SEO v22.1) - https:\/\/yoast.com\/wordpress\/plugins\/seo\/ -->\n<title>Impresszum - Flymetotheloom.com<\/title>\n<meta name=\"description\" content=\"M\u00c1RTA egyedi k\u00e9zzel k\u00e9sz\u00fclt s\u00e1lak impresszuma. Egyszer\u0171s\u00e9g, letisztults\u00e1g, pr\u00e9mium anyagok a tart\u00f3ss\u00e1g \u00e9s fenntarthat\u00f3s\u00e1g jegy\u00e9ben.\" \/>\n<meta name=\"robots\" content=\"index, follow, max-snippet:-1, max-image-preview:large, max-video-preview:-1\" \/>\n<link rel=\"canonical\" href=\"https:\/\/flymetotheloom.com\/eng\/imprint\/\" \/>\n<meta property=\"og:locale\" content=\"en_GB\" \/>\n<meta property=\"og:type\" content=\"article\" \/>\n<meta property=\"og:title\" content=\"Impresszum\" \/>\n<meta property=\"og:description\" content=\"M\u00c1RTA egyedi k\u00e9zzel k\u00e9sz\u00fclt s\u00e1lak impresszuma. Egyszer\u0171s\u00e9g, letisztults\u00e1g, pr\u00e9mium anyagok a tart\u00f3ss\u00e1g \u00e9s fenntarthat\u00f3s\u00e1g jegy\u00e9ben.\" \/>\n<meta property=\"og:url\" content=\"https:\/\/flymetotheloom.com\/eng\/imprint\/\" \/>\n<meta property=\"og:site_name\" content=\"Flymetotheloom.com\" \/>\n<meta property=\"article:modified_time\" content=\"2024-03-12T12:35:47+00:00\" \/>\n<meta property=\"og:image\" content=\"https:\/\/flymetotheloom.com\/wp-content\/uploads\/2022\/12\/Marta-logo_vegleges_hatter-nelkul-18.png\" \/>\n\t<meta property=\"og:image:width\" content=\"545\" \/>\n\t<meta property=\"og:image:height\" content=\"489\" \/>\n\t<meta property=\"og:image:type\" content=\"image\/png\" \/>\n<meta name=\"twitter:card\" content=\"summary_large_image\" \/>\n<meta name=\"twitter:label1\" content=\"Estimated reading time\" \/>\n\t<meta name=\"twitter:data1\" content=\"1 minute\" \/>\n<script type=\"application\/ld+json\" class=\"yoast-schema-graph\">{\"@context\":\"https:\/\/schema.org\",\"@graph\":[{\"@type\":\"WebPage\",\"@id\":\"https:\/\/flymetotheloom.com\/impresszum\/\",\"url\":\"https:\/\/flymetotheloom.com\/impresszum\/\",\"name\":\"Impresszum - Flymetotheloom.com\",\"isPartOf\":{\"@id\":\"https:\/\/flymetotheloom.com\/#website\"},\"datePublished\":\"2023-07-03T13:38:16+00:00\",\"dateModified\":\"2024-03-12T12:35:47+00:00\",\"description\":\"M\u00c1RTA egyedi k\u00e9zzel k\u00e9sz\u00fclt s\u00e1lak impresszuma. Egyszer\u0171s\u00e9g, letisztults\u00e1g, pr\u00e9mium anyagok a tart\u00f3ss\u00e1g \u00e9s fenntarthat\u00f3s\u00e1g jegy\u00e9ben.\",\"breadcrumb\":{\"@id\":\"https:\/\/flymetotheloom.com\/impresszum\/#breadcrumb\"},\"inLanguage\":\"en-GB\",\"potentialAction\":[{\"@type\":\"ReadAction\",\"target\":[\"https:\/\/flymetotheloom.com\/impresszum\/\"]}]},{\"@type\":\"BreadcrumbList\",\"@id\":\"https:\/\/flymetotheloom.com\/impresszum\/#breadcrumb\",\"itemListElement\":[{\"@type\":\"ListItem\",\"position\":1,\"name\":\"Home\",\"item\":\"https:\/\/flymetotheloom.com\/\"},{\"@type\":\"ListItem\",\"position\":2,\"name\":\"Impresszum\"}]},{\"@type\":\"WebSite\",\"@id\":\"https:\/\/flymetotheloom.com\/#website\",\"url\":\"https:\/\/flymetotheloom.com\/\",\"name\":\"Flymetotheloom.com\",\"description\":\"M\u00c1RTA s\u00e1lak\",\"publisher\":{\"@id\":\"https:\/\/flymetotheloom.com\/#\/schema\/person\/0f955315372e1f00f3f631a9a39a19e8\"},\"potentialAction\":[{\"@type\":\"SearchAction\",\"target\":{\"@type\":\"EntryPoint\",\"urlTemplate\":\"https:\/\/flymetotheloom.com\/?s={search_term_string}\"},\"query-input\":\"required name=search_term_string\"}],\"inLanguage\":\"en-GB\"},{\"@type\":[\"Person\",\"Organization\"],\"@id\":\"https:\/\/flymetotheloom.com\/#\/schema\/person\/0f955315372e1f00f3f631a9a39a19e8\",\"name\":\"admin\",\"image\":{\"@type\":\"ImageObject\",\"inLanguage\":\"en-GB\",\"@id\":\"https:\/\/flymetotheloom.com\/#\/schema\/person\/image\/\",\"url\":\"https:\/\/flymetotheloom.com\/wp-content\/uploads\/2022\/10\/Marta-logo_vegleges_hatter-nelkul-17.png\",\"contentUrl\":\"https:\/\/flymetotheloom.com\/wp-content\/uploads\/2022\/10\/Marta-logo_vegleges_hatter-nelkul-17.png\",\"width\":828,\"height\":822,\"caption\":\"admin\"},\"logo\":{\"@id\":\"https:\/\/flymetotheloom.com\/#\/schema\/person\/image\/\"},\"sameAs\":[\"https:\/\/flymetotheloom.com\"]}]}<\/script>\n<!-- \/ Yoast SEO Premium plugin. -->","yoast_head_json":{"title":"Impresszum - Flymetotheloom.com","description":"M\u00c1RTA egyedi k\u00e9zzel k\u00e9sz\u00fclt s\u00e1lak impresszuma. Egyszer\u0171s\u00e9g, letisztults\u00e1g, pr\u00e9mium anyagok a tart\u00f3ss\u00e1g \u00e9s fenntarthat\u00f3s\u00e1g jegy\u00e9ben.","robots":{"index":"index","follow":"follow","max-snippet":"max-snippet:-1","max-image-preview":"max-image-preview:large","max-video-preview":"max-video-preview:-1"},"canonical":"https:\/\/flymetotheloom.com\/eng\/imprint\/","og_locale":"en_GB","og_type":"article","og_title":"Impresszum","og_description":"M\u00c1RTA egyedi k\u00e9zzel k\u00e9sz\u00fclt s\u00e1lak impresszuma. Egyszer\u0171s\u00e9g, letisztults\u00e1g, pr\u00e9mium anyagok a tart\u00f3ss\u00e1g \u00e9s fenntarthat\u00f3s\u00e1g jegy\u00e9ben.","og_url":"https:\/\/flymetotheloom.com\/eng\/imprint\/","og_site_name":"Flymetotheloom.com","article_modified_time":"2024-03-12T12:35:47+00:00","og_image":[{"width":545,"height":489,"url":"https:\/\/flymetotheloom.com\/wp-content\/uploads\/2022\/12\/Marta-logo_vegleges_hatter-nelkul-18.png","type":"image\/png"}],"twitter_card":"summary_large_image","twitter_misc":{"Estimated reading time":"1 minute"},"schema":{"@context":"https:\/\/schema.org","@graph":[{"@type":"WebPage","@id":"https:\/\/flymetotheloom.com\/impresszum\/","url":"https:\/\/flymetotheloom.com\/impresszum\/","name":"Impresszum - Flymetotheloom.com","isPartOf":{"@id":"https:\/\/flymetotheloom.com\/#website"},"datePublished":"2023-07-03T13:38:16+00:00","dateModified":"2024-03-12T12:35:47+00:00","description":"M\u00c1RTA egyedi k\u00e9zzel k\u00e9sz\u00fclt s\u00e1lak impresszuma. Egyszer\u0171s\u00e9g, letisztults\u00e1g, pr\u00e9mium anyagok a tart\u00f3ss\u00e1g \u00e9s fenntarthat\u00f3s\u00e1g jegy\u00e9ben.","breadcrumb":{"@id":"https:\/\/flymetotheloom.com\/impresszum\/#breadcrumb"},"inLanguage":"en-GB","potentialAction":[{"@type":"ReadAction","target":["https:\/\/flymetotheloom.com\/impresszum\/"]}]},{"@type":"BreadcrumbList","@id":"https:\/\/flymetotheloom.com\/impresszum\/#breadcrumb","itemListElement":[{"@type":"ListItem","position":1,"name":"Home","item":"https:\/\/flymetotheloom.com\/"},{"@type":"ListItem","position":2,"name":"Impresszum"}]},{"@type":"WebSite","@id":"https:\/\/flymetotheloom.com\/#website","url":"https:\/\/flymetotheloom.com\/","name":"Flymetotheloom.com","description":"M\u00c1RTA s\u00e1lak","publisher":{"@id":"https:\/\/flymetotheloom.com\/#\/schema\/person\/0f955315372e1f00f3f631a9a39a19e8"},"potentialAction":[{"@type":"SearchAction","target":{"@type":"EntryPoint","urlTemplate":"https:\/\/flymetotheloom.com\/?s={search_term_string}"},"query-input":"required name=search_term_string"}],"inLanguage":"en-GB"},{"@type":["Person","Organization"],"@id":"https:\/\/flymetotheloom.com\/#\/schema\/person\/0f955315372e1f00f3f631a9a39a19e8","name":"admin","image":{"@type":"ImageObject","inLanguage":"en-GB","@id":"https:\/\/flymetotheloom.com\/#\/schema\/person\/image\/","url":"https:\/\/flymetotheloom.com\/wp-content\/uploads\/2022\/10\/Marta-logo_vegleges_hatter-nelkul-17.png","contentUrl":"https:\/\/flymetotheloom.com\/wp-content\/uploads\/2022\/10\/Marta-logo_vegleges_hatter-nelkul-17.png","width":828,"height":822,"caption":"admin"},"logo":{"@id":"https:\/\/flymetotheloom.com\/#\/schema\/person\/image\/"},"sameAs":["https:\/\/flymetotheloom.com"]}]}},"_links":{"self":[{"href":"https:\/\/flymetotheloom.com\/eng\/wp-json\/wp\/v2\/pages\/1292","targetHints":{"allow":["GET"]}}],"collection":[{"href":"https:\/\/flymetotheloom.com\/eng\/wp-json\/wp\/v2\/pages"}],"about":[{"href":"https:\/\/flymetotheloom.com\/eng\/wp-json\/wp\/v2\/types\/page"}],"author":[{"embeddable":true,"href":"https:\/\/flymetotheloom.com\/eng\/wp-json\/wp\/v2\/users\/1"}],"replies":[{"embeddable":true,"href":"https:\/\/flymetotheloom.com\/eng\/wp-json\/wp\/v2\/comments?post=1292"}],"version-history":[{"count":52,"href":"https:\/\/flymetotheloom.com\/eng\/wp-json\/wp\/v2\/pages\/1292\/revisions"}],"predecessor-version":[{"id":1981,"href":"https:\/\/flymetotheloom.com\/eng\/wp-json\/wp\/v2\/pages\/1292\/revisions\/1981"}],"wp:attachment":[{"href":"https:\/\/flymetotheloom.com\/eng\/wp-json\/wp\/v2\/media?parent=1292"}],"curies":[{"name":"wp","href":"https:\/\/api.w.org\/{rel}","templated":true}]}}