{"id":1791,"date":"2025-06-16T05:20:12","date_gmt":"2025-06-16T03:20:12","guid":{"rendered":"https:\/\/flymetotheloom.com\/termek\/merino-gyapju-sal-vilagzold\/"},"modified":"2025-12-08T09:57:15","modified_gmt":"2025-12-08T08:57:15","slug":"merino-gyapju-sal-vilagoszold","status":"publish","type":"product","link":"https:\/\/flymetotheloom.com\/eng\/bolt\/merino-wool-scarf-light-green\/","title":{"rendered":"LIGHT GREEN MERINO WOOL SCARF"},"content":{"rendered":"<p>Merino wool is the finest, softest and warmest sheep wool in the world. This high quality, natural wool is grown by merino sheep living in South America, Spain, Australia, New Zealand and also South Africa. These sheep grow exceptional, good -quality fleece, which is softer and thinner than regular wool.  Using merino yarn the result is a pleasantly soft and warm scarf that will be cozy and soft against your skin for sure.<\/p>","protected":false},"excerpt":{"rendered":"<p>Light green merino wool scarf, of which only 1 piece was made in the whole world. Unique, Hungarian woven, elegant slow fashion scarf.<\/p>","protected":false},"featured_media":1711,"comment_status":"closed","ping_status":"closed","template":"","meta":[],"product_cat":[104,42],"product_tag":[44,48,68,51,47,49,56],"class_list":{"0":"post-1791","1":"product","2":"type-product","3":"status-publish","4":"has-post-thumbnail","6":"product_cat-salak","7":"product_cat-merino-gyapju-sal","8":"product_tag-egyedi-ajandek","9":"product_tag-egyedi-sal","10":"product_tag-gyapjusal","11":"product_tag-merino-gyapju","12":"product_tag-puha-sal","13":"product_tag-slow-fashion","14":"product_tag-zold","16":"first","17":"outofstock","18":"sold-individually","19":"shipping-taxable","20":"purchasable","21":"product-type-simple"},"yoast_head":"<!-- This site is optimized with the Yoast SEO Premium plugin v22.1 (Yoast SEO v22.1) - https:\/\/yoast.com\/wordpress\/plugins\/seo\/ -->\n<title>Merin\u00f3 gyapj\u00fa s\u00e1l - vil\u00e1gosz\u00f6ld - Flymetotheloom.com<\/title>\n<meta name=\"description\" content=\"Vil\u00e1gosz\u00f6ld sz\u00edn\u0171 k\u00e9zzel sz\u0151tt merin\u00f3 gyapj\u00fa s\u00e1l, amib\u0151l csak 1 darab k\u00e9sz\u00fclt az eg\u00e9sz vil\u00e1gon. Egyedi, magyar sz\u00f6v\u00e9s\u0171, eleg\u00e1ns slow fashion s\u00e1l.\" \/>\n<meta name=\"robots\" content=\"noindex, follow\" \/>\n<meta property=\"og:locale\" content=\"en_GB\" \/>\n<meta property=\"og:type\" content=\"article\" \/>\n<meta property=\"og:title\" content=\"Merin\u00f3 gyapj\u00fa s\u00e1l - vil\u00e1gosz\u00f6ld\" \/>\n<meta property=\"og:description\" content=\"Vil\u00e1gosz\u00f6ld sz\u00edn\u0171 k\u00e9zzel sz\u0151tt merin\u00f3 gyapj\u00fa s\u00e1l, amib\u0151l csak 1 darab k\u00e9sz\u00fclt az r\u00e9sz vil\u00e1gon. Egyedi, magyar sz\u00f6v\u00e9s\u0171, eleg\u00e1ns slow fashion s\u00e1l.\" \/>\n<meta property=\"og:url\" content=\"https:\/\/flymetotheloom.com\/eng\/bolt\/merino-wool-scarf-light-green\/\" \/>\n<meta property=\"og:site_name\" content=\"Flymetotheloom.com\" \/>\n<meta property=\"article:modified_time\" content=\"2025-12-08T08:57:15+00:00\" \/>\n<meta property=\"og:image\" content=\"https:\/\/flymetotheloom.com\/wp-content\/uploads\/2024\/02\/22019-merino-gyapju-sal-vilagzold-03_min.webp\" \/>\n\t<meta property=\"og:image:width\" content=\"1080\" \/>\n\t<meta property=\"og:image:height\" content=\"1463\" \/>\n\t<meta property=\"og:image:type\" content=\"image\/webp\" \/>\n<meta name=\"twitter:card\" content=\"summary_large_image\" \/>\n<meta name=\"twitter:label1\" content=\"Estimated reading time\" \/>\n\t<meta name=\"twitter:data1\" content=\"1 minute\" \/>\n<script type=\"application\/ld+json\" class=\"yoast-schema-graph\">{\"@context\":\"https:\/\/schema.org\",\"@graph\":[{\"@type\":\"WebPage\",\"@id\":\"https:\/\/flymetotheloom.com\/bolt\/merino-gyapju-sal-vilagoszold\/\",\"url\":\"https:\/\/flymetotheloom.com\/bolt\/merino-gyapju-sal-vilagoszold\/\",\"name\":\"Merin\u00f3 gyapj\u00fa s\u00e1l - vil\u00e1gosz\u00f6ld - Flymetotheloom.com\",\"isPartOf\":{\"@id\":\"https:\/\/flymetotheloom.com\/#website\"},\"datePublished\":\"2025-06-16T03:20:12+00:00\",\"dateModified\":\"2025-12-08T08:57:15+00:00\",\"description\":\"Vil\u00e1gosz\u00f6ld sz\u00edn\u0171 k\u00e9zzel sz\u0151tt merin\u00f3 gyapj\u00fa s\u00e1l, amib\u0151l csak 1 darab k\u00e9sz\u00fclt az eg\u00e9sz vil\u00e1gon. Egyedi, magyar sz\u00f6v\u00e9s\u0171, eleg\u00e1ns slow fashion s\u00e1l.\",\"breadcrumb\":{\"@id\":\"https:\/\/flymetotheloom.com\/bolt\/merino-gyapju-sal-vilagoszold\/#breadcrumb\"},\"inLanguage\":\"en-GB\",\"potentialAction\":[{\"@type\":\"ReadAction\",\"target\":[\"https:\/\/flymetotheloom.com\/bolt\/merino-gyapju-sal-vilagoszold\/\"]}]},{\"@type\":\"BreadcrumbList\",\"@id\":\"https:\/\/flymetotheloom.com\/bolt\/merino-gyapju-sal-vilagoszold\/#breadcrumb\",\"itemListElement\":[{\"@type\":\"ListItem\",\"position\":1,\"name\":\"Home\",\"item\":\"https:\/\/flymetotheloom.com\/\"},{\"@type\":\"ListItem\",\"position\":2,\"name\":\"Term\u00e9kek\",\"item\":\"https:\/\/flymetotheloom.com\/termekek\/\"},{\"@type\":\"ListItem\",\"position\":3,\"name\":\"S\u00e1lak\",\"item\":\"https:\/\/flymetotheloom.com\/termekkategoria\/salak\/\"},{\"@type\":\"ListItem\",\"position\":4,\"name\":\"Merin\u00f3 gyapj\u00fa s\u00e1l\",\"item\":\"https:\/\/flymetotheloom.com\/termekkategoria\/salak\/merino-gyapju-sal\/\"},{\"@type\":\"ListItem\",\"position\":5,\"name\":\"Merin\u00f3 gyapj\u00fa s\u00e1l &#8211; vil\u00e1gosz\u00f6ld\"}]},{\"@type\":\"WebSite\",\"@id\":\"https:\/\/flymetotheloom.com\/#website\",\"url\":\"https:\/\/flymetotheloom.com\/\",\"name\":\"Flymetotheloom.com\",\"description\":\"M\u00c1RTA s\u00e1lak\",\"publisher\":{\"@id\":\"https:\/\/flymetotheloom.com\/#\/schema\/person\/0f955315372e1f00f3f631a9a39a19e8\"},\"potentialAction\":[{\"@type\":\"SearchAction\",\"target\":{\"@type\":\"EntryPoint\",\"urlTemplate\":\"https:\/\/flymetotheloom.com\/?s={search_term_string}\"},\"query-input\":\"required name=search_term_string\"}],\"inLanguage\":\"en-GB\"},{\"@type\":[\"Person\",\"Organization\"],\"@id\":\"https:\/\/flymetotheloom.com\/#\/schema\/person\/0f955315372e1f00f3f631a9a39a19e8\",\"name\":\"admin\",\"image\":{\"@type\":\"ImageObject\",\"inLanguage\":\"en-GB\",\"@id\":\"https:\/\/flymetotheloom.com\/#\/schema\/person\/image\/\",\"url\":\"https:\/\/flymetotheloom.com\/wp-content\/uploads\/2022\/10\/Marta-logo_vegleges_hatter-nelkul-17.png\",\"contentUrl\":\"https:\/\/flymetotheloom.com\/wp-content\/uploads\/2022\/10\/Marta-logo_vegleges_hatter-nelkul-17.png\",\"width\":828,\"height\":822,\"caption\":\"admin\"},\"logo\":{\"@id\":\"https:\/\/flymetotheloom.com\/#\/schema\/person\/image\/\"},\"sameAs\":[\"https:\/\/flymetotheloom.com\"]}]}<\/script>\n<!-- \/ Yoast SEO Premium plugin. -->","yoast_head_json":{"title":"Merin\u00f3 gyapj\u00fa s\u00e1l - vil\u00e1gosz\u00f6ld - Flymetotheloom.com","description":"Vil\u00e1gosz\u00f6ld sz\u00edn\u0171 k\u00e9zzel sz\u0151tt merin\u00f3 gyapj\u00fa s\u00e1l, amib\u0151l csak 1 darab k\u00e9sz\u00fclt az eg\u00e9sz vil\u00e1gon. Egyedi, magyar sz\u00f6v\u00e9s\u0171, eleg\u00e1ns slow fashion s\u00e1l.","robots":{"index":"noindex","follow":"follow"},"og_locale":"en_GB","og_type":"article","og_title":"Merin\u00f3 gyapj\u00fa s\u00e1l - vil\u00e1gosz\u00f6ld","og_description":"Vil\u00e1gosz\u00f6ld sz\u00edn\u0171 k\u00e9zzel sz\u0151tt merin\u00f3 gyapj\u00fa s\u00e1l, amib\u0151l csak 1 darab k\u00e9sz\u00fclt az r\u00e9sz vil\u00e1gon. Egyedi, magyar sz\u00f6v\u00e9s\u0171, eleg\u00e1ns slow fashion s\u00e1l.","og_url":"https:\/\/flymetotheloom.com\/eng\/bolt\/merino-wool-scarf-light-green\/","og_site_name":"Flymetotheloom.com","article_modified_time":"2025-12-08T08:57:15+00:00","og_image":[{"width":1080,"height":1463,"url":"https:\/\/flymetotheloom.com\/wp-content\/uploads\/2024\/02\/22019-merino-gyapju-sal-vilagzold-03_min.webp","type":"image\/webp"}],"twitter_card":"summary_large_image","twitter_misc":{"Estimated reading time":"1 minute"},"schema":{"@context":"https:\/\/schema.org","@graph":[{"@type":"WebPage","@id":"https:\/\/flymetotheloom.com\/bolt\/merino-gyapju-sal-vilagoszold\/","url":"https:\/\/flymetotheloom.com\/bolt\/merino-gyapju-sal-vilagoszold\/","name":"Merin\u00f3 gyapj\u00fa s\u00e1l - vil\u00e1gosz\u00f6ld - Flymetotheloom.com","isPartOf":{"@id":"https:\/\/flymetotheloom.com\/#website"},"datePublished":"2025-06-16T03:20:12+00:00","dateModified":"2025-12-08T08:57:15+00:00","description":"Vil\u00e1gosz\u00f6ld sz\u00edn\u0171 k\u00e9zzel sz\u0151tt merin\u00f3 gyapj\u00fa s\u00e1l, amib\u0151l csak 1 darab k\u00e9sz\u00fclt az eg\u00e9sz vil\u00e1gon. Egyedi, magyar sz\u00f6v\u00e9s\u0171, eleg\u00e1ns slow fashion s\u00e1l.","breadcrumb":{"@id":"https:\/\/flymetotheloom.com\/bolt\/merino-gyapju-sal-vilagoszold\/#breadcrumb"},"inLanguage":"en-GB","potentialAction":[{"@type":"ReadAction","target":["https:\/\/flymetotheloom.com\/bolt\/merino-gyapju-sal-vilagoszold\/"]}]},{"@type":"BreadcrumbList","@id":"https:\/\/flymetotheloom.com\/bolt\/merino-gyapju-sal-vilagoszold\/#breadcrumb","itemListElement":[{"@type":"ListItem","position":1,"name":"Home","item":"https:\/\/flymetotheloom.com\/"},{"@type":"ListItem","position":2,"name":"Term\u00e9kek","item":"https:\/\/flymetotheloom.com\/termekek\/"},{"@type":"ListItem","position":3,"name":"S\u00e1lak","item":"https:\/\/flymetotheloom.com\/termekkategoria\/salak\/"},{"@type":"ListItem","position":4,"name":"Merin\u00f3 gyapj\u00fa s\u00e1l","item":"https:\/\/flymetotheloom.com\/termekkategoria\/salak\/merino-gyapju-sal\/"},{"@type":"ListItem","position":5,"name":"Merin\u00f3 gyapj\u00fa s\u00e1l &#8211; vil\u00e1gosz\u00f6ld"}]},{"@type":"WebSite","@id":"https:\/\/flymetotheloom.com\/#website","url":"https:\/\/flymetotheloom.com\/","name":"Flymetotheloom.com","description":"M\u00c1RTA s\u00e1lak","publisher":{"@id":"https:\/\/flymetotheloom.com\/#\/schema\/person\/0f955315372e1f00f3f631a9a39a19e8"},"potentialAction":[{"@type":"SearchAction","target":{"@type":"EntryPoint","urlTemplate":"https:\/\/flymetotheloom.com\/?s={search_term_string}"},"query-input":"required name=search_term_string"}],"inLanguage":"en-GB"},{"@type":["Person","Organization"],"@id":"https:\/\/flymetotheloom.com\/#\/schema\/person\/0f955315372e1f00f3f631a9a39a19e8","name":"admin","image":{"@type":"ImageObject","inLanguage":"en-GB","@id":"https:\/\/flymetotheloom.com\/#\/schema\/person\/image\/","url":"https:\/\/flymetotheloom.com\/wp-content\/uploads\/2022\/10\/Marta-logo_vegleges_hatter-nelkul-17.png","contentUrl":"https:\/\/flymetotheloom.com\/wp-content\/uploads\/2022\/10\/Marta-logo_vegleges_hatter-nelkul-17.png","width":828,"height":822,"caption":"admin"},"logo":{"@id":"https:\/\/flymetotheloom.com\/#\/schema\/person\/image\/"},"sameAs":["https:\/\/flymetotheloom.com"]}]}},"_links":{"self":[{"href":"https:\/\/flymetotheloom.com\/eng\/wp-json\/wp\/v2\/product\/1791","targetHints":{"allow":["GET"]}}],"collection":[{"href":"https:\/\/flymetotheloom.com\/eng\/wp-json\/wp\/v2\/product"}],"about":[{"href":"https:\/\/flymetotheloom.com\/eng\/wp-json\/wp\/v2\/types\/product"}],"replies":[{"embeddable":true,"href":"https:\/\/flymetotheloom.com\/eng\/wp-json\/wp\/v2\/comments?post=1791"}],"wp:featuredmedia":[{"embeddable":true,"href":"https:\/\/flymetotheloom.com\/eng\/wp-json\/wp\/v2\/media\/1711"}],"wp:attachment":[{"href":"https:\/\/flymetotheloom.com\/eng\/wp-json\/wp\/v2\/media?parent=1791"}],"wp:term":[{"taxonomy":"product_cat","embeddable":true,"href":"https:\/\/flymetotheloom.com\/eng\/wp-json\/wp\/v2\/product_cat?post=1791"},{"taxonomy":"product_tag","embeddable":true,"href":"https:\/\/flymetotheloom.com\/eng\/wp-json\/wp\/v2\/product_tag?post=1791"}],"curies":[{"name":"wp","href":"https:\/\/api.w.org\/{rel}","templated":true}]}}