{"id":1800,"date":"2025-06-16T05:20:11","date_gmt":"2025-06-16T03:20:11","guid":{"rendered":"https:\/\/flymetotheloom.com\/termek\/lenvaszon-sal-pasztell-narancs\/"},"modified":"2025-06-16T05:55:52","modified_gmt":"2025-06-16T03:55:52","slug":"lenvaszon-sal-pasztell-narancs","status":"publish","type":"product","link":"https:\/\/flymetotheloom.com\/eng\/bolt\/pastel-orange-linen-scarf\/","title":{"rendered":"PASTEL ORANGE LINEN SCARF"},"content":{"rendered":"<p>This piece was made from linen, merino wool and silk.\nThis bright ,rustic scarf can be an elegant and unique accessory for both men and women.\nLinen is a lightweight material that comes from the flax plant ang gives the texture a very natural effect.\nWeaving this scarf I used yarn that is a combination of this rustic material, soft merino wool and mulberry silk. If you choose this scarf, it will guarantee a one of a kind outfit for sure.<br \/>\nA len egy k\u00f6nny\u0171 anyag, mely term\u00e9szetes hat\u00e1st k\u00f6lcs\u00f6n\u00f6z a text\u00far\u00e1nak. Ennek a s\u00e1lnak a sz\u00f6v\u00e9s\u00e9hez olyan fonalat haszn\u00e1ltam, amely ennek a rusztikus anyagnak, a puha merin\u00f3 gyapj\u00fanak \u00e9s az eperfa selyemnek a kombin\u00e1ci\u00f3ja.<span class=\"Apple-converted-space\">\u00a0<\/span><\/p>","protected":false},"excerpt":{"rendered":"<p>Pastel orange linen scarf, of which only 1 piece was made in the whole world. Unique, Hungarian woven, elegant slow fashion scarf.<\/p>","protected":false},"featured_media":1757,"comment_status":"closed","ping_status":"closed","template":"","meta":[],"product_cat":[104,54],"product_tag":[44,48,68,51,79,47,49,88],"class_list":{"0":"post-1800","1":"product","2":"type-product","3":"status-publish","4":"has-post-thumbnail","6":"product_cat-salak","7":"product_cat-vegyes-szovesu-salak","8":"product_tag-egyedi-ajandek","9":"product_tag-egyedi-sal","10":"product_tag-gyapjusal","11":"product_tag-merino-gyapju","12":"product_tag-narancs","13":"product_tag-puha-sal","14":"product_tag-slow-fashion","15":"product_tag-vaszonsal","17":"first","18":"instock","19":"sold-individually","20":"shipping-taxable","21":"purchasable","22":"product-type-simple"},"yoast_head":"<!-- This site is optimized with the Yoast SEO Premium plugin v22.1 (Yoast SEO v22.1) - https:\/\/yoast.com\/wordpress\/plugins\/seo\/ -->\n<title>Lenv\u00e1szon s\u00e1l - Pasztell narancs - Flymetotheloom.com<\/title>\n<meta name=\"description\" content=\"Narancs sz\u00edn\u0171 k\u00e9zzel sz\u0151tt lenv\u00e1szon s\u00e1l, amib\u0151l csak 1 darab k\u00e9sz\u00fclt az eg\u00e9sz vil\u00e1gon. Egyedi, magyar sz\u00f6v\u00e9s\u0171, eleg\u00e1ns slow fashion s\u00e1l.\" \/>\n<meta name=\"robots\" content=\"noindex, follow\" \/>\n<meta property=\"og:locale\" content=\"en_GB\" \/>\n<meta property=\"og:type\" content=\"article\" \/>\n<meta property=\"og:title\" content=\"Lenv\u00e1szon s\u00e1l - Pasztell narancs\" \/>\n<meta property=\"og:description\" content=\"Narancs sz\u00edn\u0171 k\u00e9zzel sz\u0151tt lenv\u00e1szon s\u00e1l, amib\u0151l csak 1 darab k\u00e9sz\u00fclt az r\u00e9sz vil\u00e1gon. Egyedi, magyar sz\u00f6v\u00e9s\u0171, eleg\u00e1ns slow fashion s\u00e1l.\" \/>\n<meta property=\"og:url\" content=\"https:\/\/flymetotheloom.com\/eng\/bolt\/pastel-orange-linen-scarf\/\" \/>\n<meta property=\"og:site_name\" content=\"Flymetotheloom.com\" \/>\n<meta property=\"article:modified_time\" content=\"2025-06-16T03:55:52+00:00\" \/>\n<meta property=\"og:image\" content=\"https:\/\/flymetotheloom.com\/wp-content\/uploads\/2024\/02\/22031-pasztell-narancs-lenvaszon-sal-01_min.webp\" \/>\n\t<meta property=\"og:image:width\" content=\"1080\" \/>\n\t<meta property=\"og:image:height\" content=\"1717\" \/>\n\t<meta property=\"og:image:type\" content=\"image\/webp\" \/>\n<meta name=\"twitter:card\" content=\"summary_large_image\" \/>\n<meta name=\"twitter:label1\" content=\"Estimated reading time\" \/>\n\t<meta name=\"twitter:data1\" content=\"1 minute\" \/>\n<script type=\"application\/ld+json\" class=\"yoast-schema-graph\">{\"@context\":\"https:\/\/schema.org\",\"@graph\":[{\"@type\":\"WebPage\",\"@id\":\"https:\/\/flymetotheloom.com\/bolt\/lenvaszon-sal-pasztell-narancs\/\",\"url\":\"https:\/\/flymetotheloom.com\/bolt\/lenvaszon-sal-pasztell-narancs\/\",\"name\":\"Lenv\u00e1szon s\u00e1l - Pasztell narancs - Flymetotheloom.com\",\"isPartOf\":{\"@id\":\"https:\/\/flymetotheloom.com\/#website\"},\"datePublished\":\"2025-06-16T03:20:11+00:00\",\"dateModified\":\"2025-06-16T03:55:52+00:00\",\"description\":\"Narancs sz\u00edn\u0171 k\u00e9zzel sz\u0151tt lenv\u00e1szon s\u00e1l, amib\u0151l csak 1 darab k\u00e9sz\u00fclt az eg\u00e9sz vil\u00e1gon. Egyedi, magyar sz\u00f6v\u00e9s\u0171, eleg\u00e1ns slow fashion s\u00e1l.\",\"breadcrumb\":{\"@id\":\"https:\/\/flymetotheloom.com\/bolt\/lenvaszon-sal-pasztell-narancs\/#breadcrumb\"},\"inLanguage\":\"en-GB\",\"potentialAction\":[{\"@type\":\"ReadAction\",\"target\":[\"https:\/\/flymetotheloom.com\/bolt\/lenvaszon-sal-pasztell-narancs\/\"]}]},{\"@type\":\"BreadcrumbList\",\"@id\":\"https:\/\/flymetotheloom.com\/bolt\/lenvaszon-sal-pasztell-narancs\/#breadcrumb\",\"itemListElement\":[{\"@type\":\"ListItem\",\"position\":1,\"name\":\"Home\",\"item\":\"https:\/\/flymetotheloom.com\/\"},{\"@type\":\"ListItem\",\"position\":2,\"name\":\"Term\u00e9kek\",\"item\":\"https:\/\/flymetotheloom.com\/termekek\/\"},{\"@type\":\"ListItem\",\"position\":3,\"name\":\"S\u00e1lak\",\"item\":\"https:\/\/flymetotheloom.com\/termekkategoria\/salak\/\"},{\"@type\":\"ListItem\",\"position\":4,\"name\":\"Vegyes sz\u00f6v\u00e9s\u0171 s\u00e1lak\",\"item\":\"https:\/\/flymetotheloom.com\/termekkategoria\/salak\/vegyes-szovesu-salak\/\"},{\"@type\":\"ListItem\",\"position\":5,\"name\":\"Lenv\u00e1szon s\u00e1l &#8211; Pasztell narancs\"}]},{\"@type\":\"WebSite\",\"@id\":\"https:\/\/flymetotheloom.com\/#website\",\"url\":\"https:\/\/flymetotheloom.com\/\",\"name\":\"Flymetotheloom.com\",\"description\":\"M\u00c1RTA s\u00e1lak\",\"publisher\":{\"@id\":\"https:\/\/flymetotheloom.com\/#\/schema\/person\/0f955315372e1f00f3f631a9a39a19e8\"},\"potentialAction\":[{\"@type\":\"SearchAction\",\"target\":{\"@type\":\"EntryPoint\",\"urlTemplate\":\"https:\/\/flymetotheloom.com\/?s={search_term_string}\"},\"query-input\":\"required name=search_term_string\"}],\"inLanguage\":\"en-GB\"},{\"@type\":[\"Person\",\"Organization\"],\"@id\":\"https:\/\/flymetotheloom.com\/#\/schema\/person\/0f955315372e1f00f3f631a9a39a19e8\",\"name\":\"admin\",\"image\":{\"@type\":\"ImageObject\",\"inLanguage\":\"en-GB\",\"@id\":\"https:\/\/flymetotheloom.com\/#\/schema\/person\/image\/\",\"url\":\"https:\/\/flymetotheloom.com\/wp-content\/uploads\/2022\/10\/Marta-logo_vegleges_hatter-nelkul-17.png\",\"contentUrl\":\"https:\/\/flymetotheloom.com\/wp-content\/uploads\/2022\/10\/Marta-logo_vegleges_hatter-nelkul-17.png\",\"width\":828,\"height\":822,\"caption\":\"admin\"},\"logo\":{\"@id\":\"https:\/\/flymetotheloom.com\/#\/schema\/person\/image\/\"},\"sameAs\":[\"https:\/\/flymetotheloom.com\"]}]}<\/script>\n<!-- \/ Yoast SEO Premium plugin. -->","yoast_head_json":{"title":"Lenv\u00e1szon s\u00e1l - Pasztell narancs - Flymetotheloom.com","description":"Narancs sz\u00edn\u0171 k\u00e9zzel sz\u0151tt lenv\u00e1szon s\u00e1l, amib\u0151l csak 1 darab k\u00e9sz\u00fclt az eg\u00e9sz vil\u00e1gon. Egyedi, magyar sz\u00f6v\u00e9s\u0171, eleg\u00e1ns slow fashion s\u00e1l.","robots":{"index":"noindex","follow":"follow"},"og_locale":"en_GB","og_type":"article","og_title":"Lenv\u00e1szon s\u00e1l - Pasztell narancs","og_description":"Narancs sz\u00edn\u0171 k\u00e9zzel sz\u0151tt lenv\u00e1szon s\u00e1l, amib\u0151l csak 1 darab k\u00e9sz\u00fclt az r\u00e9sz vil\u00e1gon. Egyedi, magyar sz\u00f6v\u00e9s\u0171, eleg\u00e1ns slow fashion s\u00e1l.","og_url":"https:\/\/flymetotheloom.com\/eng\/bolt\/pastel-orange-linen-scarf\/","og_site_name":"Flymetotheloom.com","article_modified_time":"2025-06-16T03:55:52+00:00","og_image":[{"width":1080,"height":1717,"url":"https:\/\/flymetotheloom.com\/wp-content\/uploads\/2024\/02\/22031-pasztell-narancs-lenvaszon-sal-01_min.webp","type":"image\/webp"}],"twitter_card":"summary_large_image","twitter_misc":{"Estimated reading time":"1 minute"},"schema":{"@context":"https:\/\/schema.org","@graph":[{"@type":"WebPage","@id":"https:\/\/flymetotheloom.com\/bolt\/lenvaszon-sal-pasztell-narancs\/","url":"https:\/\/flymetotheloom.com\/bolt\/lenvaszon-sal-pasztell-narancs\/","name":"Lenv\u00e1szon s\u00e1l - Pasztell narancs - Flymetotheloom.com","isPartOf":{"@id":"https:\/\/flymetotheloom.com\/#website"},"datePublished":"2025-06-16T03:20:11+00:00","dateModified":"2025-06-16T03:55:52+00:00","description":"Narancs sz\u00edn\u0171 k\u00e9zzel sz\u0151tt lenv\u00e1szon s\u00e1l, amib\u0151l csak 1 darab k\u00e9sz\u00fclt az eg\u00e9sz vil\u00e1gon. Egyedi, magyar sz\u00f6v\u00e9s\u0171, eleg\u00e1ns slow fashion s\u00e1l.","breadcrumb":{"@id":"https:\/\/flymetotheloom.com\/bolt\/lenvaszon-sal-pasztell-narancs\/#breadcrumb"},"inLanguage":"en-GB","potentialAction":[{"@type":"ReadAction","target":["https:\/\/flymetotheloom.com\/bolt\/lenvaszon-sal-pasztell-narancs\/"]}]},{"@type":"BreadcrumbList","@id":"https:\/\/flymetotheloom.com\/bolt\/lenvaszon-sal-pasztell-narancs\/#breadcrumb","itemListElement":[{"@type":"ListItem","position":1,"name":"Home","item":"https:\/\/flymetotheloom.com\/"},{"@type":"ListItem","position":2,"name":"Term\u00e9kek","item":"https:\/\/flymetotheloom.com\/termekek\/"},{"@type":"ListItem","position":3,"name":"S\u00e1lak","item":"https:\/\/flymetotheloom.com\/termekkategoria\/salak\/"},{"@type":"ListItem","position":4,"name":"Vegyes sz\u00f6v\u00e9s\u0171 s\u00e1lak","item":"https:\/\/flymetotheloom.com\/termekkategoria\/salak\/vegyes-szovesu-salak\/"},{"@type":"ListItem","position":5,"name":"Lenv\u00e1szon s\u00e1l &#8211; Pasztell narancs"}]},{"@type":"WebSite","@id":"https:\/\/flymetotheloom.com\/#website","url":"https:\/\/flymetotheloom.com\/","name":"Flymetotheloom.com","description":"M\u00c1RTA s\u00e1lak","publisher":{"@id":"https:\/\/flymetotheloom.com\/#\/schema\/person\/0f955315372e1f00f3f631a9a39a19e8"},"potentialAction":[{"@type":"SearchAction","target":{"@type":"EntryPoint","urlTemplate":"https:\/\/flymetotheloom.com\/?s={search_term_string}"},"query-input":"required name=search_term_string"}],"inLanguage":"en-GB"},{"@type":["Person","Organization"],"@id":"https:\/\/flymetotheloom.com\/#\/schema\/person\/0f955315372e1f00f3f631a9a39a19e8","name":"admin","image":{"@type":"ImageObject","inLanguage":"en-GB","@id":"https:\/\/flymetotheloom.com\/#\/schema\/person\/image\/","url":"https:\/\/flymetotheloom.com\/wp-content\/uploads\/2022\/10\/Marta-logo_vegleges_hatter-nelkul-17.png","contentUrl":"https:\/\/flymetotheloom.com\/wp-content\/uploads\/2022\/10\/Marta-logo_vegleges_hatter-nelkul-17.png","width":828,"height":822,"caption":"admin"},"logo":{"@id":"https:\/\/flymetotheloom.com\/#\/schema\/person\/image\/"},"sameAs":["https:\/\/flymetotheloom.com"]}]}},"_links":{"self":[{"href":"https:\/\/flymetotheloom.com\/eng\/wp-json\/wp\/v2\/product\/1800","targetHints":{"allow":["GET"]}}],"collection":[{"href":"https:\/\/flymetotheloom.com\/eng\/wp-json\/wp\/v2\/product"}],"about":[{"href":"https:\/\/flymetotheloom.com\/eng\/wp-json\/wp\/v2\/types\/product"}],"replies":[{"embeddable":true,"href":"https:\/\/flymetotheloom.com\/eng\/wp-json\/wp\/v2\/comments?post=1800"}],"wp:featuredmedia":[{"embeddable":true,"href":"https:\/\/flymetotheloom.com\/eng\/wp-json\/wp\/v2\/media\/1757"}],"wp:attachment":[{"href":"https:\/\/flymetotheloom.com\/eng\/wp-json\/wp\/v2\/media?parent=1800"}],"wp:term":[{"taxonomy":"product_cat","embeddable":true,"href":"https:\/\/flymetotheloom.com\/eng\/wp-json\/wp\/v2\/product_cat?post=1800"},{"taxonomy":"product_tag","embeddable":true,"href":"https:\/\/flymetotheloom.com\/eng\/wp-json\/wp\/v2\/product_tag?post=1800"}],"curies":[{"name":"wp","href":"https:\/\/api.w.org\/{rel}","templated":true}]}}

<p>This piece was made from linen, merino wool and silk.
This bright ,rustic scarf can be an elegant and unique accessory for both men and women.
Linen is a lightweight material that comes from the flax plant ang gives the texture a very natural effect.
Weaving this scarf I used yarn that is a combination of this rustic material, soft merino wool and mulberry silk. If you choose this scarf, it will guarantee a one of a kind outfit for sure.<br />
A len egy könnyű anyag, mely természetes hatást kölcsönöz a textúrának. Ennek a sálnak a szövéséhez olyan fonalat használtam, amely ennek a rusztikus anyagnak, a puha merinó gyapjúnak és az eperfa selyemnek a kombinációja.<span class="Apple-converted-space"> </span></p>

<!-- This site is optimized with the Yoast SEO Premium plugin v22.1 (Yoast SEO v22.1) - https://yoast.com/wordpress/plugins/seo/ -->
<title>Lenvászon sál - Pasztell narancs - Flymetotheloom.com</title>
<meta name="description" content="Narancs színű kézzel szőtt lenvászon sál, amiből csak 1 darab készült az egész világon. Egyedi, magyar szövésű, elegáns slow fashion sál." />
<meta name="robots" content="noindex, follow" />
<meta property="og:locale" content="en_GB" />
<meta property="og:type" content="article" />
<meta property="og:title" content="Lenvászon sál - Pasztell narancs" />
<meta property="og:description" content="Narancs színű kézzel szőtt lenvászon sál, amiből csak 1 darab készült az rész világon. Egyedi, magyar szövésű, elegáns slow fashion sál." />
<meta property="og:url" content="https://flymetotheloom.com/eng/bolt/pastel-orange-linen-scarf/" />
<meta property="og:site_name" content="Flymetotheloom.com" />
<meta property="article:modified_time" content="2025-06-16T03:55:52+00:00" />
<meta property="og:image" content="https://flymetotheloom.com/wp-content/uploads/2024/02/22031-pasztell-narancs-lenvaszon-sal-01_min.webp" />
	<meta property="og:image:width" content="1080" />
	<meta property="og:image:height" content="1717" />
	<meta property="og:image:type" content="image/webp" />
<meta name="twitter:card" content="summary_large_image" />
<meta name="twitter:label1" content="Estimated reading time" />
	<meta name="twitter:data1" content="1 minute" />
<script type="application/ld+json" class="yoast-schema-graph">{"@context":"https://schema.org","@graph":[{"@type":"WebPage","@id":"https://flymetotheloom.com/bolt/lenvaszon-sal-pasztell-narancs/","url":"https://flymetotheloom.com/bolt/lenvaszon-sal-pasztell-narancs/","name":"Lenvászon sál - Pasztell narancs - Flymetotheloom.com","isPartOf":{"@id":"https://flymetotheloom.com/#website"},"datePublished":"2025-06-16T03:20:11+00:00","dateModified":"2025-06-16T03:55:52+00:00","description":"Narancs színű kézzel szőtt lenvászon sál, amiből csak 1 darab készült az egész világon. Egyedi, magyar szövésű, elegáns slow fashion sál.","breadcrumb":{"@id":"https://flymetotheloom.com/bolt/lenvaszon-sal-pasztell-narancs/#breadcrumb"},"inLanguage":"en-GB","potentialAction":[{"@type":"ReadAction","target":["https://flymetotheloom.com/bolt/lenvaszon-sal-pasztell-narancs/"]}]},{"@type":"BreadcrumbList","@id":"https://flymetotheloom.com/bolt/lenvaszon-sal-pasztell-narancs/#breadcrumb","itemListElement":[{"@type":"ListItem","position":1,"name":"Home","item":"https://flymetotheloom.com/"},{"@type":"ListItem","position":2,"name":"Termékek","item":"https://flymetotheloom.com/termekek/"},{"@type":"ListItem","position":3,"name":"Sálak","item":"https://flymetotheloom.com/termekkategoria/salak/"},{"@type":"ListItem","position":4,"name":"Vegyes szövésű sálak","item":"https://flymetotheloom.com/termekkategoria/salak/vegyes-szovesu-salak/"},{"@type":"ListItem","position":5,"name":"Lenvászon sál &#8211; Pasztell narancs"}]},{"@type":"WebSite","@id":"https://flymetotheloom.com/#website","url":"https://flymetotheloom.com/","name":"Flymetotheloom.com","description":"MÁRTA sálak","publisher":{"@id":"https://flymetotheloom.com/#/schema/person/0f955315372e1f00f3f631a9a39a19e8"},"potentialAction":[{"@type":"SearchAction","target":{"@type":"EntryPoint","urlTemplate":"https://flymetotheloom.com/?s={search_term_string}"},"query-input":"required name=search_term_string"}],"inLanguage":"en-GB"},{"@type":["Person","Organization"],"@id":"https://flymetotheloom.com/#/schema/person/0f955315372e1f00f3f631a9a39a19e8","name":"admin","image":{"@type":"ImageObject","inLanguage":"en-GB","@id":"https://flymetotheloom.com/#/schema/person/image/","url":"https://flymetotheloom.com/wp-content/uploads/2022/10/Marta-logo_vegleges_hatter-nelkul-17.png","contentUrl":"https://flymetotheloom.com/wp-content/uploads/2022/10/Marta-logo_vegleges_hatter-nelkul-17.png","width":828,"height":822,"caption":"admin"},"logo":{"@id":"https://flymetotheloom.com/#/schema/person/image/"},"sameAs":["https://flymetotheloom.com"]}]}</script>
<!-- / Yoast SEO Premium plugin. -->

Lenvászon sál - Pasztell narancs - Flymetotheloom.com

Narancs színű kézzel szőtt lenvászon sál, amiből csak 1 darab készült az egész világon. Egyedi, magyar szövésű, elegáns slow fashion sál.

Lenvászon sál - Pasztell narancs

Narancs színű kézzel szőtt lenvászon sál, amiből csak 1 darab készült az rész világon. Egyedi, magyar szövésű, elegáns slow fashion sál.

Termékek

Sálak

Vegyes szövésű sálak

Lenvászon sál &#8211; Pasztell narancs

MÁRTA sálak
