{"id":2127,"date":"2025-06-16T05:20:11","date_gmt":"2025-06-16T03:20:11","guid":{"rendered":"https:\/\/flymetotheloom.com\/?post_type=product&#038;p=2127"},"modified":"2025-06-16T05:55:51","modified_gmt":"2025-06-16T03:55:51","slug":"terrakotta-len-sal","status":"publish","type":"product","link":"https:\/\/flymetotheloom.com\/eng\/bolt\/terracotta-linen-scarf\/","title":{"rendered":"Terracotta linen scarf"},"content":{"rendered":"<p><span style=\"font-weight: 400;\">This piece was made from linen and merino wool.<\/span><\/p>\n<p><span style=\"font-weight: 400;\">Linen is a lightweight material that comes from the flax plant and gives the texture a very natural effect while merino wool is the softest and finest sheep wool in the world.<\/span><span style=\"font-weight: 400;\"><br \/>\n<\/span><span style=\"font-weight: 400;\"> To weave this scarf, I used a yarn that is a combination of this rustic material and soft merino wool.<\/span><\/p>","protected":false},"excerpt":{"rendered":"<p class=\" translation-block\"><span style=\"font-weight: 400\">This piece was made from linen and merino wool.\n<\/span><span style=\"font-weight: 400\">Linen is a lightweight material that comes from the flax plant and gives the texture a very natural effect while merino wool is the softest and finest sheep wool in the world.<\/span><\/p>","protected":false},"featured_media":2115,"comment_status":"closed","ping_status":"closed","template":"","meta":[],"product_cat":[104,92,54],"product_tag":[44,48,90,51,52,47,49,99],"class_list":{"0":"post-2127","1":"product","2":"type-product","3":"status-publish","4":"has-post-thumbnail","6":"product_cat-salak","7":"product_cat-lensal","8":"product_cat-vegyes-szovesu-salak","9":"product_tag-egyedi-ajandek","10":"product_tag-egyedi-sal","11":"product_tag-len","12":"product_tag-merino-gyapju","13":"product_tag-merino-gyapju-sal","14":"product_tag-puha-sal","15":"product_tag-slow-fashion","16":"product_tag-terracotta","18":"first","19":"instock","20":"sold-individually","21":"shipping-taxable","22":"purchasable","23":"product-type-simple"},"yoast_head":"<!-- This site is optimized with the Yoast SEO Premium plugin v22.1 (Yoast SEO v22.1) - https:\/\/yoast.com\/wordpress\/plugins\/seo\/ -->\n<title>Terrakotta len s\u00e1l - Flymetotheloom.com<\/title>\n<meta name=\"description\" content=\"Ez a kend\u0151 fele-fele ar\u00e1nyban lenb\u0151l \u00e9s merin\u00f3 gyapj\u00fab\u00f3l k\u00e9sz\u00fclt. A len egy k\u00f6nny\u0171 anyag, mely term\u00e9szetes hat\u00e1st k\u00f6lcs\u00f6n\u00f6z a text\u00far\u00e1nak.\" \/>\n<meta name=\"robots\" content=\"noindex, follow\" \/>\n<meta property=\"og:locale\" content=\"en_GB\" \/>\n<meta property=\"og:type\" content=\"article\" \/>\n<meta property=\"og:title\" content=\"Terrakotta len s\u00e1l\" \/>\n<meta property=\"og:description\" content=\"Ez a kend\u0151 fele-fele ar\u00e1nyban lenb\u0151l \u00e9s merin\u00f3 gyapj\u00fab\u00f3l k\u00e9sz\u00fclt. A len egy k\u00f6nny\u0171 anyag, mely term\u00e9szetes hat\u00e1st k\u00f6lcs\u00f6n\u00f6z a text\u00far\u00e1nak.\" \/>\n<meta property=\"og:url\" content=\"https:\/\/flymetotheloom.com\/eng\/bolt\/terracotta-linen-scarf\/\" \/>\n<meta property=\"og:site_name\" content=\"Flymetotheloom.com\" \/>\n<meta property=\"article:modified_time\" content=\"2025-06-16T03:55:51+00:00\" \/>\n<meta property=\"og:image\" content=\"https:\/\/flymetotheloom.com\/wp-content\/uploads\/2024\/02\/22036-tobbszinu-merino-gyapju-sal-01_min.webp\" \/>\n\t<meta property=\"og:image:width\" content=\"1080\" \/>\n\t<meta property=\"og:image:height\" content=\"1651\" \/>\n\t<meta property=\"og:image:type\" content=\"image\/webp\" \/>\n<meta name=\"twitter:card\" content=\"summary_large_image\" \/>\n<meta name=\"twitter:label1\" content=\"Estimated reading time\" \/>\n\t<meta name=\"twitter:data1\" content=\"1 minute\" \/>\n<script type=\"application\/ld+json\" class=\"yoast-schema-graph\">{\"@context\":\"https:\/\/schema.org\",\"@graph\":[{\"@type\":\"WebPage\",\"@id\":\"https:\/\/flymetotheloom.com\/bolt\/terrakotta-len-sal\/\",\"url\":\"https:\/\/flymetotheloom.com\/bolt\/terrakotta-len-sal\/\",\"name\":\"Terrakotta len s\u00e1l - Flymetotheloom.com\",\"isPartOf\":{\"@id\":\"https:\/\/flymetotheloom.com\/#website\"},\"datePublished\":\"2025-06-16T03:20:11+00:00\",\"dateModified\":\"2025-06-16T03:55:51+00:00\",\"description\":\"Ez a kend\u0151 fele-fele ar\u00e1nyban lenb\u0151l \u00e9s merin\u00f3 gyapj\u00fab\u00f3l k\u00e9sz\u00fclt. A len egy k\u00f6nny\u0171 anyag, mely term\u00e9szetes hat\u00e1st k\u00f6lcs\u00f6n\u00f6z a text\u00far\u00e1nak.\",\"breadcrumb\":{\"@id\":\"https:\/\/flymetotheloom.com\/bolt\/terrakotta-len-sal\/#breadcrumb\"},\"inLanguage\":\"en-GB\",\"potentialAction\":[{\"@type\":\"ReadAction\",\"target\":[\"https:\/\/flymetotheloom.com\/bolt\/terrakotta-len-sal\/\"]}]},{\"@type\":\"BreadcrumbList\",\"@id\":\"https:\/\/flymetotheloom.com\/bolt\/terrakotta-len-sal\/#breadcrumb\",\"itemListElement\":[{\"@type\":\"ListItem\",\"position\":1,\"name\":\"Home\",\"item\":\"https:\/\/flymetotheloom.com\/\"},{\"@type\":\"ListItem\",\"position\":2,\"name\":\"Term\u00e9kek\",\"item\":\"https:\/\/flymetotheloom.com\/termekek\/\"},{\"@type\":\"ListItem\",\"position\":3,\"name\":\"S\u00e1lak\",\"item\":\"https:\/\/flymetotheloom.com\/termekkategoria\/salak\/\"},{\"@type\":\"ListItem\",\"position\":4,\"name\":\"Vegyes sz\u00f6v\u00e9s\u0171 s\u00e1lak\",\"item\":\"https:\/\/flymetotheloom.com\/termekkategoria\/salak\/vegyes-szovesu-salak\/\"},{\"@type\":\"ListItem\",\"position\":5,\"name\":\"Terrakotta len s\u00e1l\"}]},{\"@type\":\"WebSite\",\"@id\":\"https:\/\/flymetotheloom.com\/#website\",\"url\":\"https:\/\/flymetotheloom.com\/\",\"name\":\"Flymetotheloom.com\",\"description\":\"M\u00c1RTA s\u00e1lak\",\"publisher\":{\"@id\":\"https:\/\/flymetotheloom.com\/#\/schema\/person\/0f955315372e1f00f3f631a9a39a19e8\"},\"potentialAction\":[{\"@type\":\"SearchAction\",\"target\":{\"@type\":\"EntryPoint\",\"urlTemplate\":\"https:\/\/flymetotheloom.com\/?s={search_term_string}\"},\"query-input\":\"required name=search_term_string\"}],\"inLanguage\":\"en-GB\"},{\"@type\":[\"Person\",\"Organization\"],\"@id\":\"https:\/\/flymetotheloom.com\/#\/schema\/person\/0f955315372e1f00f3f631a9a39a19e8\",\"name\":\"admin\",\"image\":{\"@type\":\"ImageObject\",\"inLanguage\":\"en-GB\",\"@id\":\"https:\/\/flymetotheloom.com\/#\/schema\/person\/image\/\",\"url\":\"https:\/\/flymetotheloom.com\/wp-content\/uploads\/2022\/10\/Marta-logo_vegleges_hatter-nelkul-17.png\",\"contentUrl\":\"https:\/\/flymetotheloom.com\/wp-content\/uploads\/2022\/10\/Marta-logo_vegleges_hatter-nelkul-17.png\",\"width\":828,\"height\":822,\"caption\":\"admin\"},\"logo\":{\"@id\":\"https:\/\/flymetotheloom.com\/#\/schema\/person\/image\/\"},\"sameAs\":[\"https:\/\/flymetotheloom.com\"]}]}<\/script>\n<!-- \/ Yoast SEO Premium plugin. -->","yoast_head_json":{"title":"Terrakotta len s\u00e1l - Flymetotheloom.com","description":"Ez a kend\u0151 fele-fele ar\u00e1nyban lenb\u0151l \u00e9s merin\u00f3 gyapj\u00fab\u00f3l k\u00e9sz\u00fclt. A len egy k\u00f6nny\u0171 anyag, mely term\u00e9szetes hat\u00e1st k\u00f6lcs\u00f6n\u00f6z a text\u00far\u00e1nak.","robots":{"index":"noindex","follow":"follow"},"og_locale":"en_GB","og_type":"article","og_title":"Terrakotta len s\u00e1l","og_description":"Ez a kend\u0151 fele-fele ar\u00e1nyban lenb\u0151l \u00e9s merin\u00f3 gyapj\u00fab\u00f3l k\u00e9sz\u00fclt. A len egy k\u00f6nny\u0171 anyag, mely term\u00e9szetes hat\u00e1st k\u00f6lcs\u00f6n\u00f6z a text\u00far\u00e1nak.","og_url":"https:\/\/flymetotheloom.com\/eng\/bolt\/terracotta-linen-scarf\/","og_site_name":"Flymetotheloom.com","article_modified_time":"2025-06-16T03:55:51+00:00","og_image":[{"width":1080,"height":1651,"url":"https:\/\/flymetotheloom.com\/wp-content\/uploads\/2024\/02\/22036-tobbszinu-merino-gyapju-sal-01_min.webp","type":"image\/webp"}],"twitter_card":"summary_large_image","twitter_misc":{"Estimated reading time":"1 minute"},"schema":{"@context":"https:\/\/schema.org","@graph":[{"@type":"WebPage","@id":"https:\/\/flymetotheloom.com\/bolt\/terrakotta-len-sal\/","url":"https:\/\/flymetotheloom.com\/bolt\/terrakotta-len-sal\/","name":"Terrakotta len s\u00e1l - Flymetotheloom.com","isPartOf":{"@id":"https:\/\/flymetotheloom.com\/#website"},"datePublished":"2025-06-16T03:20:11+00:00","dateModified":"2025-06-16T03:55:51+00:00","description":"Ez a kend\u0151 fele-fele ar\u00e1nyban lenb\u0151l \u00e9s merin\u00f3 gyapj\u00fab\u00f3l k\u00e9sz\u00fclt. A len egy k\u00f6nny\u0171 anyag, mely term\u00e9szetes hat\u00e1st k\u00f6lcs\u00f6n\u00f6z a text\u00far\u00e1nak.","breadcrumb":{"@id":"https:\/\/flymetotheloom.com\/bolt\/terrakotta-len-sal\/#breadcrumb"},"inLanguage":"en-GB","potentialAction":[{"@type":"ReadAction","target":["https:\/\/flymetotheloom.com\/bolt\/terrakotta-len-sal\/"]}]},{"@type":"BreadcrumbList","@id":"https:\/\/flymetotheloom.com\/bolt\/terrakotta-len-sal\/#breadcrumb","itemListElement":[{"@type":"ListItem","position":1,"name":"Home","item":"https:\/\/flymetotheloom.com\/"},{"@type":"ListItem","position":2,"name":"Term\u00e9kek","item":"https:\/\/flymetotheloom.com\/termekek\/"},{"@type":"ListItem","position":3,"name":"S\u00e1lak","item":"https:\/\/flymetotheloom.com\/termekkategoria\/salak\/"},{"@type":"ListItem","position":4,"name":"Vegyes sz\u00f6v\u00e9s\u0171 s\u00e1lak","item":"https:\/\/flymetotheloom.com\/termekkategoria\/salak\/vegyes-szovesu-salak\/"},{"@type":"ListItem","position":5,"name":"Terrakotta len s\u00e1l"}]},{"@type":"WebSite","@id":"https:\/\/flymetotheloom.com\/#website","url":"https:\/\/flymetotheloom.com\/","name":"Flymetotheloom.com","description":"M\u00c1RTA s\u00e1lak","publisher":{"@id":"https:\/\/flymetotheloom.com\/#\/schema\/person\/0f955315372e1f00f3f631a9a39a19e8"},"potentialAction":[{"@type":"SearchAction","target":{"@type":"EntryPoint","urlTemplate":"https:\/\/flymetotheloom.com\/?s={search_term_string}"},"query-input":"required name=search_term_string"}],"inLanguage":"en-GB"},{"@type":["Person","Organization"],"@id":"https:\/\/flymetotheloom.com\/#\/schema\/person\/0f955315372e1f00f3f631a9a39a19e8","name":"admin","image":{"@type":"ImageObject","inLanguage":"en-GB","@id":"https:\/\/flymetotheloom.com\/#\/schema\/person\/image\/","url":"https:\/\/flymetotheloom.com\/wp-content\/uploads\/2022\/10\/Marta-logo_vegleges_hatter-nelkul-17.png","contentUrl":"https:\/\/flymetotheloom.com\/wp-content\/uploads\/2022\/10\/Marta-logo_vegleges_hatter-nelkul-17.png","width":828,"height":822,"caption":"admin"},"logo":{"@id":"https:\/\/flymetotheloom.com\/#\/schema\/person\/image\/"},"sameAs":["https:\/\/flymetotheloom.com"]}]}},"_links":{"self":[{"href":"https:\/\/flymetotheloom.com\/eng\/wp-json\/wp\/v2\/product\/2127","targetHints":{"allow":["GET"]}}],"collection":[{"href":"https:\/\/flymetotheloom.com\/eng\/wp-json\/wp\/v2\/product"}],"about":[{"href":"https:\/\/flymetotheloom.com\/eng\/wp-json\/wp\/v2\/types\/product"}],"replies":[{"embeddable":true,"href":"https:\/\/flymetotheloom.com\/eng\/wp-json\/wp\/v2\/comments?post=2127"}],"wp:featuredmedia":[{"embeddable":true,"href":"https:\/\/flymetotheloom.com\/eng\/wp-json\/wp\/v2\/media\/2115"}],"wp:attachment":[{"href":"https:\/\/flymetotheloom.com\/eng\/wp-json\/wp\/v2\/media?parent=2127"}],"wp:term":[{"taxonomy":"product_cat","embeddable":true,"href":"https:\/\/flymetotheloom.com\/eng\/wp-json\/wp\/v2\/product_cat?post=2127"},{"taxonomy":"product_tag","embeddable":true,"href":"https:\/\/flymetotheloom.com\/eng\/wp-json\/wp\/v2\/product_tag?post=2127"}],"curies":[{"name":"wp","href":"https:\/\/api.w.org\/{rel}","templated":true}]}}