{"id":2808,"date":"2025-12-08T11:40:00","date_gmt":"2025-12-08T10:40:00","guid":{"rendered":"https:\/\/flymetotheloom.com\/?post_type=product&#038;p=2808"},"modified":"2025-12-08T11:50:33","modified_gmt":"2025-12-08T10:50:33","slug":"szurkesfeher-merino-selyem-sal","status":"publish","type":"product","link":"https:\/\/flymetotheloom.com\/eng\/bolt\/grey-white-merino-silk-scarf\/","title":{"rendered":"Grey-white merino -silk scarf"},"content":{"rendered":"<p><span style=\"font-weight: 400;\">Ez az extra hossz\u00fa, k\u00e9zzel sz\u0151tt s\u00e1l finom merin\u00f3 gyapj\u00fa \u00e9s selyem kever\u00e9k\u00e9b\u0151l k\u00e9sz\u00fclt. A l\u00e1gy sz\u00fcrke \u00e9s feh\u00e9r \u00e1rnyalatok harmonikus \u00e1tmenete minden \u00f6lt\u00f6z\u00e9khez illik. A merin\u00f3 gyapj\u00fa term\u00e9szetes melege \u00e9s a selyem finom f\u00e9nye t\u00f6k\u00e9letes \u00f6sszhangban biztos\u00edtanak k\u00e9nyelmet \u00e9s kifinomults\u00e1got.<\/span><\/p>\n<p><br style=\"font-weight: 400;\" \/><br style=\"font-weight: 400;\" \/><\/p>","protected":false},"excerpt":{"rendered":"<p><span style=\"font-weight: 400;\">A merin\u00f3 gyapj\u00fa term\u00e9szetes melege \u00e9s a selyem finom f\u00e9nye t\u00f6k\u00e9letes \u00f6sszhangban biztos\u00edtanak k\u00e9nyelmet \u00e9s kifinomults\u00e1got.<\/span><\/p>","protected":false},"featured_media":2811,"comment_status":"closed","ping_status":"closed","template":"","meta":[],"product_cat":[104,54],"product_tag":[44,48,52,47,45,49,69,190],"class_list":{"0":"post-2808","1":"product","2":"type-product","3":"status-publish","4":"has-post-thumbnail","6":"product_cat-salak","7":"product_cat-vegyes-szovesu-salak","8":"product_tag-egyedi-ajandek","9":"product_tag-egyedi-sal","10":"product_tag-merino-gyapju-sal","11":"product_tag-puha-sal","12":"product_tag-selyemsal","13":"product_tag-slow-fashion","14":"product_tag-szurke","15":"product_tag-szurkesfeher","17":"first","18":"instock","19":"sold-individually","20":"shipping-taxable","21":"purchasable","22":"product-type-simple"},"yoast_head":"<!-- This site is optimized with the Yoast SEO Premium plugin v22.1 (Yoast SEO v22.1) - https:\/\/yoast.com\/wordpress\/plugins\/seo\/ -->\n<title>Sz\u00fcrk\u00e9sfeh\u00e9r merin\u00f3-selyem s\u00e1l - Flymetotheloom.com<\/title>\n<meta name=\"description\" content=\"A merin\u00f3 gyapj\u00fa term\u00e9szetes melege \u00e9s a selyem finom f\u00e9nye t\u00f6k\u00e9letes \u00f6sszhangban biztos\u00edtanak k\u00e9nyelmet \u00e9s kifinomults\u00e1got.\" \/>\n<meta name=\"robots\" content=\"noindex, follow\" \/>\n<meta property=\"og:locale\" content=\"en_GB\" \/>\n<meta property=\"og:type\" content=\"article\" \/>\n<meta property=\"og:title\" content=\"Sz\u00fcrk\u00e9sfeh\u00e9r merin\u00f3-selyem s\u00e1l\" \/>\n<meta property=\"og:description\" content=\"A merin\u00f3 gyapj\u00fa term\u00e9szetes melege \u00e9s a selyem finom f\u00e9nye t\u00f6k\u00e9letes \u00f6sszhangban biztos\u00edtanak k\u00e9nyelmet \u00e9s kifinomults\u00e1got.\" \/>\n<meta property=\"og:url\" content=\"https:\/\/flymetotheloom.com\/eng\/bolt\/grey-white-merino-silk-scarf\/\" \/>\n<meta property=\"og:site_name\" content=\"Flymetotheloom.com\" \/>\n<meta property=\"article:modified_time\" content=\"2025-12-08T10:50:33+00:00\" \/>\n<meta property=\"og:image\" content=\"https:\/\/flymetotheloom.com\/wp-content\/uploads\/2024\/02\/22036-tobbszinu-merino-gyapju-sal-01_min.webp\" \/>\n\t<meta property=\"og:image:width\" content=\"1080\" \/>\n\t<meta property=\"og:image:height\" content=\"1651\" \/>\n\t<meta property=\"og:image:type\" content=\"image\/webp\" \/>\n<meta name=\"twitter:card\" content=\"summary_large_image\" \/>\n<meta name=\"twitter:label1\" content=\"Estimated reading time\" \/>\n\t<meta name=\"twitter:data1\" content=\"1 minute\" \/>\n<script type=\"application\/ld+json\" class=\"yoast-schema-graph\">{\"@context\":\"https:\/\/schema.org\",\"@graph\":[{\"@type\":\"WebPage\",\"@id\":\"https:\/\/flymetotheloom.com\/bolt\/szurkesfeher-merino-selyem-sal\/\",\"url\":\"https:\/\/flymetotheloom.com\/bolt\/szurkesfeher-merino-selyem-sal\/\",\"name\":\"Sz\u00fcrk\u00e9sfeh\u00e9r merin\u00f3-selyem s\u00e1l - Flymetotheloom.com\",\"isPartOf\":{\"@id\":\"https:\/\/flymetotheloom.com\/#website\"},\"datePublished\":\"2025-12-08T10:40:00+00:00\",\"dateModified\":\"2025-12-08T10:50:33+00:00\",\"description\":\"A merin\u00f3 gyapj\u00fa term\u00e9szetes melege \u00e9s a selyem finom f\u00e9nye t\u00f6k\u00e9letes \u00f6sszhangban biztos\u00edtanak k\u00e9nyelmet \u00e9s kifinomults\u00e1got.\",\"breadcrumb\":{\"@id\":\"https:\/\/flymetotheloom.com\/bolt\/szurkesfeher-merino-selyem-sal\/#breadcrumb\"},\"inLanguage\":\"en-GB\",\"potentialAction\":[{\"@type\":\"ReadAction\",\"target\":[\"https:\/\/flymetotheloom.com\/bolt\/szurkesfeher-merino-selyem-sal\/\"]}]},{\"@type\":\"BreadcrumbList\",\"@id\":\"https:\/\/flymetotheloom.com\/bolt\/szurkesfeher-merino-selyem-sal\/#breadcrumb\",\"itemListElement\":[{\"@type\":\"ListItem\",\"position\":1,\"name\":\"Home\",\"item\":\"https:\/\/flymetotheloom.com\/\"},{\"@type\":\"ListItem\",\"position\":2,\"name\":\"Term\u00e9kek\",\"item\":\"https:\/\/flymetotheloom.com\/termekek\/\"},{\"@type\":\"ListItem\",\"position\":3,\"name\":\"S\u00e1lak\",\"item\":\"https:\/\/flymetotheloom.com\/termekkategoria\/salak\/\"},{\"@type\":\"ListItem\",\"position\":4,\"name\":\"Sz\u00fcrk\u00e9sfeh\u00e9r merin\u00f3-selyem s\u00e1l\"}]},{\"@type\":\"WebSite\",\"@id\":\"https:\/\/flymetotheloom.com\/#website\",\"url\":\"https:\/\/flymetotheloom.com\/\",\"name\":\"Flymetotheloom.com\",\"description\":\"M\u00c1RTA s\u00e1lak\",\"publisher\":{\"@id\":\"https:\/\/flymetotheloom.com\/#\/schema\/person\/0f955315372e1f00f3f631a9a39a19e8\"},\"potentialAction\":[{\"@type\":\"SearchAction\",\"target\":{\"@type\":\"EntryPoint\",\"urlTemplate\":\"https:\/\/flymetotheloom.com\/?s={search_term_string}\"},\"query-input\":\"required name=search_term_string\"}],\"inLanguage\":\"en-GB\"},{\"@type\":[\"Person\",\"Organization\"],\"@id\":\"https:\/\/flymetotheloom.com\/#\/schema\/person\/0f955315372e1f00f3f631a9a39a19e8\",\"name\":\"admin\",\"image\":{\"@type\":\"ImageObject\",\"inLanguage\":\"en-GB\",\"@id\":\"https:\/\/flymetotheloom.com\/#\/schema\/person\/image\/\",\"url\":\"https:\/\/flymetotheloom.com\/wp-content\/uploads\/2022\/10\/Marta-logo_vegleges_hatter-nelkul-17.png\",\"contentUrl\":\"https:\/\/flymetotheloom.com\/wp-content\/uploads\/2022\/10\/Marta-logo_vegleges_hatter-nelkul-17.png\",\"width\":828,\"height\":822,\"caption\":\"admin\"},\"logo\":{\"@id\":\"https:\/\/flymetotheloom.com\/#\/schema\/person\/image\/\"},\"sameAs\":[\"https:\/\/flymetotheloom.com\"]}]}<\/script>\n<!-- \/ Yoast SEO Premium plugin. -->","yoast_head_json":{"title":"Sz\u00fcrk\u00e9sfeh\u00e9r merin\u00f3-selyem s\u00e1l - Flymetotheloom.com","description":"A merin\u00f3 gyapj\u00fa term\u00e9szetes melege \u00e9s a selyem finom f\u00e9nye t\u00f6k\u00e9letes \u00f6sszhangban biztos\u00edtanak k\u00e9nyelmet \u00e9s kifinomults\u00e1got.","robots":{"index":"noindex","follow":"follow"},"og_locale":"en_GB","og_type":"article","og_title":"Sz\u00fcrk\u00e9sfeh\u00e9r merin\u00f3-selyem s\u00e1l","og_description":"A merin\u00f3 gyapj\u00fa term\u00e9szetes melege \u00e9s a selyem finom f\u00e9nye t\u00f6k\u00e9letes \u00f6sszhangban biztos\u00edtanak k\u00e9nyelmet \u00e9s kifinomults\u00e1got.","og_url":"https:\/\/flymetotheloom.com\/eng\/bolt\/grey-white-merino-silk-scarf\/","og_site_name":"Flymetotheloom.com","article_modified_time":"2025-12-08T10:50:33+00:00","og_image":[{"width":1080,"height":1651,"url":"https:\/\/flymetotheloom.com\/wp-content\/uploads\/2024\/02\/22036-tobbszinu-merino-gyapju-sal-01_min.webp","type":"image\/webp"}],"twitter_card":"summary_large_image","twitter_misc":{"Estimated reading time":"1 minute"},"schema":{"@context":"https:\/\/schema.org","@graph":[{"@type":"WebPage","@id":"https:\/\/flymetotheloom.com\/bolt\/szurkesfeher-merino-selyem-sal\/","url":"https:\/\/flymetotheloom.com\/bolt\/szurkesfeher-merino-selyem-sal\/","name":"Sz\u00fcrk\u00e9sfeh\u00e9r merin\u00f3-selyem s\u00e1l - Flymetotheloom.com","isPartOf":{"@id":"https:\/\/flymetotheloom.com\/#website"},"datePublished":"2025-12-08T10:40:00+00:00","dateModified":"2025-12-08T10:50:33+00:00","description":"A merin\u00f3 gyapj\u00fa term\u00e9szetes melege \u00e9s a selyem finom f\u00e9nye t\u00f6k\u00e9letes \u00f6sszhangban biztos\u00edtanak k\u00e9nyelmet \u00e9s kifinomults\u00e1got.","breadcrumb":{"@id":"https:\/\/flymetotheloom.com\/bolt\/szurkesfeher-merino-selyem-sal\/#breadcrumb"},"inLanguage":"en-GB","potentialAction":[{"@type":"ReadAction","target":["https:\/\/flymetotheloom.com\/bolt\/szurkesfeher-merino-selyem-sal\/"]}]},{"@type":"BreadcrumbList","@id":"https:\/\/flymetotheloom.com\/bolt\/szurkesfeher-merino-selyem-sal\/#breadcrumb","itemListElement":[{"@type":"ListItem","position":1,"name":"Home","item":"https:\/\/flymetotheloom.com\/"},{"@type":"ListItem","position":2,"name":"Term\u00e9kek","item":"https:\/\/flymetotheloom.com\/termekek\/"},{"@type":"ListItem","position":3,"name":"S\u00e1lak","item":"https:\/\/flymetotheloom.com\/termekkategoria\/salak\/"},{"@type":"ListItem","position":4,"name":"Sz\u00fcrk\u00e9sfeh\u00e9r merin\u00f3-selyem s\u00e1l"}]},{"@type":"WebSite","@id":"https:\/\/flymetotheloom.com\/#website","url":"https:\/\/flymetotheloom.com\/","name":"Flymetotheloom.com","description":"M\u00c1RTA s\u00e1lak","publisher":{"@id":"https:\/\/flymetotheloom.com\/#\/schema\/person\/0f955315372e1f00f3f631a9a39a19e8"},"potentialAction":[{"@type":"SearchAction","target":{"@type":"EntryPoint","urlTemplate":"https:\/\/flymetotheloom.com\/?s={search_term_string}"},"query-input":"required name=search_term_string"}],"inLanguage":"en-GB"},{"@type":["Person","Organization"],"@id":"https:\/\/flymetotheloom.com\/#\/schema\/person\/0f955315372e1f00f3f631a9a39a19e8","name":"admin","image":{"@type":"ImageObject","inLanguage":"en-GB","@id":"https:\/\/flymetotheloom.com\/#\/schema\/person\/image\/","url":"https:\/\/flymetotheloom.com\/wp-content\/uploads\/2022\/10\/Marta-logo_vegleges_hatter-nelkul-17.png","contentUrl":"https:\/\/flymetotheloom.com\/wp-content\/uploads\/2022\/10\/Marta-logo_vegleges_hatter-nelkul-17.png","width":828,"height":822,"caption":"admin"},"logo":{"@id":"https:\/\/flymetotheloom.com\/#\/schema\/person\/image\/"},"sameAs":["https:\/\/flymetotheloom.com"]}]}},"_links":{"self":[{"href":"https:\/\/flymetotheloom.com\/eng\/wp-json\/wp\/v2\/product\/2808","targetHints":{"allow":["GET"]}}],"collection":[{"href":"https:\/\/flymetotheloom.com\/eng\/wp-json\/wp\/v2\/product"}],"about":[{"href":"https:\/\/flymetotheloom.com\/eng\/wp-json\/wp\/v2\/types\/product"}],"replies":[{"embeddable":true,"href":"https:\/\/flymetotheloom.com\/eng\/wp-json\/wp\/v2\/comments?post=2808"}],"wp:featuredmedia":[{"embeddable":true,"href":"https:\/\/flymetotheloom.com\/eng\/wp-json\/wp\/v2\/media\/2811"}],"wp:attachment":[{"href":"https:\/\/flymetotheloom.com\/eng\/wp-json\/wp\/v2\/media?parent=2808"}],"wp:term":[{"taxonomy":"product_cat","embeddable":true,"href":"https:\/\/flymetotheloom.com\/eng\/wp-json\/wp\/v2\/product_cat?post=2808"},{"taxonomy":"product_tag","embeddable":true,"href":"https:\/\/flymetotheloom.com\/eng\/wp-json\/wp\/v2\/product_tag?post=2808"}],"curies":[{"name":"wp","href":"https:\/\/api.w.org\/{rel}","templated":true}]}}